{"id":858,"date":"2025-06-12T14:52:35","date_gmt":"2025-06-12T14:52:35","guid":{"rendered":"https:\/\/arcanaxvii.ar\/?post_type=product&#038;p=858"},"modified":"2025-10-29T17:45:31","modified_gmt":"2025-10-29T17:45:31","slug":"cortina-de-bano-numen-arg-ninfa-diseno-exclusivo","status":"publish","type":"product","link":"https:\/\/arcanaxvii.ar\/index.php\/product\/cortina-de-bano-numen-arg-ninfa-diseno-exclusivo\/","title":{"rendered":"Cortina De Ba\u00f1o Numen.arg Ninfa Dise\u00f1o Exclusivo"},"content":{"rendered":"<p>Transforme su espacio de ba\u00f1o con la cortina de ba\u00f1o Numen.arg Ninfa. Su dise\u00f1o exclusivo aporta un toque de elegancia y sofisticaci\u00f3n, convirtiendo un elemento funcional en una pieza decorativa. Fabricada con gabardina impermeable de alta calidad con ojales camiseros, garantiza durabilidad y resistencia al agua, ofreciendo una protecci\u00f3n efectiva contra la humedad.<br \/>\nConsidere las medidas de 180 cm de largo y 140 cm de ancho antes de la compra. Su tratamiento antihongos asegura un ambiente m\u00e1s saludable, manteniendo los espacios frescos y limpios durante m\u00e1s tiempo. Adem\u00e1s, su dise\u00f1o es apto para lavarropas, facilitando el mantenimiento y la limpieza.<br \/>\nSin accesorios incluidos.<br \/>\nEleve la est\u00e9tica de su ba\u00f1o sin sacrificar funcionalidad, con una cortina que complementa cualquier estilo decorativo. Con la cortina Numen.arg Ninfa, experimente la combinaci\u00f3n perfecta de dise\u00f1o y arte en su hogar.<\/p>\n<p>Marca Numen.arg<br \/>\nModelo Ninfa<br \/>\nMaterial Gabardina impermeable<br \/>\nLargo x Ancho 1.8 m x 1.4 m<br \/>\nEs antihongos S\u00ed<br \/>\nEs apto para lavarropas S\u00ed<\/p>\n","protected":false},"excerpt":{"rendered":"<p>La cortina de ba\u00f1o perfecta existe!<\/p>\n<p>Las ninfas de los arroyos son guardianas benevolentes de la naturaleza, s\u00edmbolos vivientes de la vitalidad y la belleza del mundo natural. En sus reinos acu\u00e1ticos, el tiempo fluye como las aguas que aman, eterno y sin fin, y las historias de su gracia y su poder perdurar\u00e1n mientras los arroyos sigan cantando su canci\u00f3n eterna. Muchos artistas crearon obras inspiradas en estas historias. Uno de ellos es Giovanni Bautista Lombardi y su escultura Ninfa o N\u00e1yade.<br \/>\nLa joven, de facciones idealizadas, es captada en el momento de entrar en un arroyo de agua, casi desnuda. Mirando el agua debajo, muestra su diadema de perlas intrincadamente tallada centrada por una concha, lo que indica su origen mitol\u00f3gico.<br \/>\nAl sentir el agua fr\u00eda en los dedos de los pies, la joven parece vacilar, colocando su mano izquierda frente a su cuerpo, en una imitaci\u00f3n del gesto de pudor que se ve en las Venus romanas.<br \/>\nEste artista rom\u00e1ntico destac\u00f3 por sus figuras serenas realizadas en m\u00e1rmol, esta escultura titulada Ninfa o Naiade. Fue una obra que le encarg\u00f3 la Signora Camilla Facchi F\u00e9 D&#8217;Ostiani y que Lombardi realiz\u00f3 en 1858, fue instalada en \u201clas paredes doradas\u201d de los ba\u00f1os del Palazzo Facchi de Brescia. ( pareti dorate delle terme di Palazzo Facchi )<br \/>\nLa excelente t\u00e9cnica de Lombardi es visible en el m\u00e1rmol con unos rasgos y cabellos finamente tallados, y el trabajo de los pliegues de la ropa nos hablan del aire cl\u00e1sico que este escultor aprendi\u00f3 durante su estancia en Roma.<\/p>\n<p>Gabardina Acr\u00edlica Water Repelent<br \/>\nUna tela \u00fanica que combina estilo, resistencia y funcionalidad:<br \/>\n\u2714 Antimanchas, c\u00e1lida, semi opaca y semi gruesa.<br \/>\n\u2714 F\u00e1cil de lavar y resistente al uso diario.<br \/>\n\u2714 Proceso impermeable que la hace ideal para todo tipo de proyectos.<\/p>\n<p>Cuidados!<br \/>\n\u25ab Lavar con agua fr\u00eda en ciclo suave o a mano.<br \/>\n\u25ab Evit\u00e1 secar al sol para mantener sus colores vibrantes.<\/p>\n","protected":false},"featured_media":859,"comment_status":"open","ping_status":"closed","template":"","meta":{"nf_dc_page":"","om_disable_all_campaigns":false,"_monsterinsights_skip_tracking":false,"_monsterinsights_sitenote_active":false,"_monsterinsights_sitenote_note":"","_monsterinsights_sitenote_category":0},"product_brand":[],"product_cat":[93],"product_tag":[94,96,95],"class_list":{"0":"post-858","1":"product","2":"type-product","3":"status-publish","4":"has-post-thumbnail","6":"product_cat-deco","7":"product_tag-cortina","8":"product_tag-cortina-bano","9":"product_tag-cortina-ducha","11":"first","12":"instock","13":"shipping-taxable","14":"purchasable","15":"product-type-simple"},"jetpack_sharing_enabled":true,"_links":{"self":[{"href":"https:\/\/arcanaxvii.ar\/index.php\/wp-json\/wp\/v2\/product\/858","targetHints":{"allow":["GET"]}}],"collection":[{"href":"https:\/\/arcanaxvii.ar\/index.php\/wp-json\/wp\/v2\/product"}],"about":[{"href":"https:\/\/arcanaxvii.ar\/index.php\/wp-json\/wp\/v2\/types\/product"}],"replies":[{"embeddable":true,"href":"https:\/\/arcanaxvii.ar\/index.php\/wp-json\/wp\/v2\/comments?post=858"}],"wp:featuredmedia":[{"embeddable":true,"href":"https:\/\/arcanaxvii.ar\/index.php\/wp-json\/wp\/v2\/media\/859"}],"wp:attachment":[{"href":"https:\/\/arcanaxvii.ar\/index.php\/wp-json\/wp\/v2\/media?parent=858"}],"wp:term":[{"taxonomy":"product_brand","embeddable":true,"href":"https:\/\/arcanaxvii.ar\/index.php\/wp-json\/wp\/v2\/product_brand?post=858"},{"taxonomy":"product_cat","embeddable":true,"href":"https:\/\/arcanaxvii.ar\/index.php\/wp-json\/wp\/v2\/product_cat?post=858"},{"taxonomy":"product_tag","embeddable":true,"href":"https:\/\/arcanaxvii.ar\/index.php\/wp-json\/wp\/v2\/product_tag?post=858"}],"curies":[{"name":"wp","href":"https:\/\/api.w.org\/{rel}","templated":true}]}}