{"id":299,"date":"2021-03-09T02:05:01","date_gmt":"2021-03-09T02:05:01","guid":{"rendered":"http:\/\/arcanaxvii.ar\/?post_type=product&#038;p=299"},"modified":"2023-06-30T20:21:38","modified_gmt":"2023-06-30T20:21:38","slug":"aros-talisman-tarot-de-marsella-estilo-camafeo","status":"publish","type":"product","link":"https:\/\/arcanaxvii.ar\/index.php\/product\/aros-talisman-tarot-de-marsella-estilo-camafeo\/","title":{"rendered":"Aros Talism\u00e1n Tarot De Marsella Estilo Camafeo"},"content":{"rendered":"<p>Aros Talism\u00e1n Tarot De Marsella estilo camafeo<br \/>\nLas cartas del tarot contienen un gran poder y pueden utilizarse individualmente en forma de talism\u00e1n. Puede usar la fuerza del tarot como una energ\u00eda para invocar la intenci\u00f3n. Lleve el arcano que necesite introyectar como un colgante y ver\u00e1 como un mundo se despliega si focalizamos nuestra energ\u00eda. Puede elegir el dije con la energ\u00eda que le inspira para el d\u00eda y usarla como aro o colgante para estar en contacto con ella. El Tarot tambi\u00e9n sirve como portal energ\u00e9tico, a trav\u00e9s de sus im\u00e1genes deja pasar la energ\u00eda del arcano.<br \/>\nQue la energ\u00eda del Tarot te acompa\u00f1e!<\/p>\n","protected":false},"excerpt":{"rendered":"<p>Aros Talism\u00e1n Tarot De Marsella estilo camafeo Las cartas del tarot contienen un gran poder y pueden utilizarse individualmente en forma de talism\u00e1n. Puede usar la fuerza del tarot como una energ\u00eda para invocar la intenci\u00f3n. Lleve el arcano que necesite introyectar como un colgante y ver\u00e1 como un mundo se despliega si focalizamos nuestra [&hellip;]<\/p>\n","protected":false},"featured_media":300,"comment_status":"open","ping_status":"closed","template":"","meta":{"nf_dc_page":"","om_disable_all_campaigns":false,"_monsterinsights_skip_tracking":false,"_monsterinsights_sitenote_active":false,"_monsterinsights_sitenote_note":"","_monsterinsights_sitenote_category":0},"product_brand":[],"product_cat":[32,15],"product_tag":[],"class_list":{"0":"post-299","1":"product","2":"type-product","3":"status-publish","4":"has-post-thumbnail","6":"product_cat-accesorios","7":"product_cat-uncategorized","9":"first","10":"outofstock","11":"shipping-taxable","12":"purchasable","13":"product-type-simple"},"jetpack_sharing_enabled":true,"_links":{"self":[{"href":"https:\/\/arcanaxvii.ar\/index.php\/wp-json\/wp\/v2\/product\/299","targetHints":{"allow":["GET"]}}],"collection":[{"href":"https:\/\/arcanaxvii.ar\/index.php\/wp-json\/wp\/v2\/product"}],"about":[{"href":"https:\/\/arcanaxvii.ar\/index.php\/wp-json\/wp\/v2\/types\/product"}],"replies":[{"embeddable":true,"href":"https:\/\/arcanaxvii.ar\/index.php\/wp-json\/wp\/v2\/comments?post=299"}],"wp:featuredmedia":[{"embeddable":true,"href":"https:\/\/arcanaxvii.ar\/index.php\/wp-json\/wp\/v2\/media\/300"}],"wp:attachment":[{"href":"https:\/\/arcanaxvii.ar\/index.php\/wp-json\/wp\/v2\/media?parent=299"}],"wp:term":[{"taxonomy":"product_brand","embeddable":true,"href":"https:\/\/arcanaxvii.ar\/index.php\/wp-json\/wp\/v2\/product_brand?post=299"},{"taxonomy":"product_cat","embeddable":true,"href":"https:\/\/arcanaxvii.ar\/index.php\/wp-json\/wp\/v2\/product_cat?post=299"},{"taxonomy":"product_tag","embeddable":true,"href":"https:\/\/arcanaxvii.ar\/index.php\/wp-json\/wp\/v2\/product_tag?post=299"}],"curies":[{"name":"wp","href":"https:\/\/api.w.org\/{rel}","templated":true}]}}